t is 10011001100000010 + 111010011011?
10100000110011101
In base 6, what is -1 + 3125340?
3125335
In base 3, what is -11201 - -212110002?
212021101
In base 15, what is ca4a8c + -2?
ca4a8a
In base 15, what is 269 - -786a?
7ad4
In base 9, what is 124257 - -473?
124741
In base 3, what is -211 - 21100110121?
-21100111102
In base 6, what is 3 - -1001501220?
1001501223
In base 16, what is -4fc - 6f7a4?
-6fca0
In base 10, what is 903 - -10911?
11814
In base 15, what is -2287 + 6d?
-2219
In base 7, what is 1140604 + -11336?
1126235
In base 7, what is -625 + 16123151?
16122223
In base 8, what is 1630 - -5125?
6755
In base 3, what is -101022121122211 + -101?
-101022121200012
In base 11, what is 16a5a7 + 20?
16a617
In base 6, what is -455424455 - 5?
-455424504
In base 5, what is 240332 + -4232?
231100
In base 4, what is -21101131 + -130100?
-21231231
In base 4, what is -210000110003 - 223?
-210000110232
In base 10, what is -932763 + 136?
-932627
In base 8, what is 4 + 57344073?
57344077
In base 2, what is -10011 + 1011001101011?
1011001011000
In base 6, what is -10023110425 - 2?
-10023110431
In base 16, what is -20a + 44c7?
42bd
In base 10, what is 70 - 86459?
-86389
In base 12, what is -62b2 + -710?
-6a02
In base 16, what is 3843 + -13d?
3706
In base 16, what is 2e45b - -66?
2e4c1
In base 16, what is 28a - -8abc?
8d46
In base 16, what is 201 - d278?
-d077
In base 12, what is -246b233 - -8?
-246b227
In base 5, what is 114031 - 1303441?
-1134410
In base 6, what is -3051 + -14034220?
-14041311
In base 3, what is 10021 - 12122211122012?
-12122211111221
In base 10, what is 822 - -159368?
160190
In base 14, what is -32a + d44d9?
d41ad
In base 6, what is -2203 - 1512331?
-1514534
In base 11, what is 9541 + 47749?
5618a
In base 10, what is 232986 + -9?
232977
In base 5, what is -234420 - -20304?
-214111
In base 7, what is 3 + -354120312?
-354120306
In base 11, what is 96 + 60a4?
618a
In base 3, what is 2012012001020 - -122102?
2012012200122
In base 11, what is 24689 - 8a7?
23892
In base 10, what is 24 - 9696287?
-9696263
In base 14, what is -846d6 - c?
-84704
In base 6, what is -11341022 + -23401?
-11404423
In base 11, what is -71a5 + 1013?
-6192
In base 15, what is -a3675a7 + 5?
-a3675a2
In base 16, what is -4a4b7 - 3?
-4a4ba
In base 6, what is -4545 - 321333?
-330322
In base 4, what is -233322203 - -11031?
-233311112
In base 16, what is 5 - -23e0a7?
23e0ac
In base 5, what is 214 + 1001334303?
1001340022
In base 4, what is -1101 - 232131301?
-232133002
In base 3, what is -210110 + 20120202102?
20112221222
In base 8, what is -363374 - -6?
-363366
In base 2, what is -10010000111100 - -1011011011?
-10000101100001
In base 16, what is 13bc0f - 4d?
13bbc2
In base 2, what is 101000100011100010100000101 + 1?
101000100011100010100000110
In base 13, what is -25 + 2739b?
27376
In base 14, what is 3134d89 - -3?
3134d8c
In base 9, what is 151715 - 114?
151601
In base 7, what is -63 + 54361?
54265
In base 9, what is 631 + 1301?
2032
In base 12, what is 2a97b - -197?
2ab56
In base 9, what is 4 - -1747036?
1747041
In base 2, what is 100001000110010010010 - 1111?
100001000110010000011
In base 6, what is 233055 - -5200?
242255
In base 5, what is 112304 - -214434?
332243
In base 2, what is 100111110101011011 - 10010001?
100111110011001010
In base 4, what is 303010123303 + 112?
303010130021
In base 11, what is 22141486 - -2?
22141488
In base 10, what is -325942 - 42?
-325984
In base 13, what is 0 + 9b863bb?
9b863bb
In base 10, what is 5 + -19948472?
-19948467
In base 2, what is -11111000001101101110 - -11110?
-11111000001101010000
In base 5, what is -3430144 - 411032?
-4341231
In base 7, what is 13 - -3124263?
3124306
In base 14, what is -85a88 - 5?
-85a8d
In base 8, what is 41602 - 3506?
36074
In base 9, what is -3 + -12110138?
-12110142
In base 6, what is 32123323004 + -2?
32123323002
In base 13, what is -6 - -26a1477a?
26a14774
In base 13, what is -3a105 - -55?
-3a080
In base 11, what is -172 + -208042?
-208204
In base 16, what is 238e - 50a7?
-2d19
In base 6, what is -203551353 + 330?
-203551023
In base 9, what is -7640 - 88?
-7738
In base 15, what is 43b710 - -103?
43b813
In base 11, what is -611 + -101183?
-101794
In base 15, what is 5 - -2b2bd7?
2b2bdc
In base 15, what is -1eead2b + -1?
-1eead2c
In base 7, what is 3254 + 2516656?
2523243
In base 7, what is -2103 - 14343?
-16446
In base 3, what is 22211120100211 - 210?
22211120100001
In base 13, what is c6a0366 - -1?
c6a0367
In base 16, what is 5 - 21f11e?
-21f119
In base 7, what is 1 + -1256?
-1255
In base 7, what is -30444 - 14402?
-45146
In base 9, what is 100157 - 607?
88450
In base 12, what is -5 + -3503646b?
-35036474
In base 6, what is -34252021 + -10?
-34252031
In base 2, what is 110111001111101 + -111000111000?
110000001000101
In base 13, what is 2 - 76b10b?
-76b109
In base 5, what is 3 - -410203113?
410203121
In base 6, what is -1241 - -5053041?
5051400
In base 7, what is -1112214621 - 4?
-1112214625
In base 10, what is -30 + -460184?
-460214
In base 9, what is 53723 - 181?
53532
In base 16, what is 28 - -20aee1?
20af09
In base 7, what is -22141 + -5356?
-30530
In base 13, what is -839b - 229?
-85c7
In base 2, what is 111000011100011100100 + 0?
111000011100011100100
In base 14, what is -391 - -90a1?
8b10
In base 3, what is 1120100101 - 1012?
1120022012
In base 15, what is 90 - 2246e7?
-224657
In base 12, what is 516359 - -15?
516372
In base 10, what is 7579 + 1992?
9571
In base 12, what is 3 - 12a611?
-12a60a
In base 13, what is -5 + 2020337?
2020332
In base 6, what is -55310110 - 2?
-55310112
In base 16, what is 1b38 + -1098?
aa0
In base 10, what is -356818 - -22?
-356796
In base 8, what is 273 - -25660212?
25660505
In base 5, what is 12231342 + -4?
12231333
In base 3, what is -1002 + -1111210002211200?
-1111210002212202
In base 13, what is -4 - 1aa0a0?
-1aa0a4
In base 4, what is 112332 + 21000023?
21113021
In base 6, what is 1504244 + -41544?
1422300
In base 8, what is -7 + 104640064?
104640055
In base 9, what is -54127 - 583?
-54721
In base 4, what is -1021 - -1233211?
1232130
In base 13, what is 43a70bc9 - 2?
43a70bc7
In base 4, what is 22 - -231213013312?
231213020000
In base 6, what is -10355 + -5404415?
-5415214
In base 9, what is -568 + -11452?
-12131
In base 3, what is -221220000201120011 - -10?
-221220000201120001
In base 12, what is -43 - 204b6?
-20539
In base 6, what is -10021252 - 21?
-10021313
In base 13, what is -1b43 - -1113b?
c2c8
In base 5, what is -1214 - 144044112?
-144100331
In base 4, what is 112011 + -3301030?
-3123013
In base 4, what is -21001231301020 - 2?
-21001231301022
In base 4, what is 1022103120313 + 3?
1022103120322
In base 3, what is 1212022221121 - -12000?
1212100010121
In base 5, what is 2314420120 - 321?
2314414244
In base 6, what is -13 - 104204302?
-104204315
In base 3, what is -102221221021120202 + -110?
-102221221021121012
In base 14, what is -1347d57 - 0?
-1347d57
In base 13, what is 2478b07 + -2?
2478b05
In base 15, what is -d1d + 1bc7?
da9
In base 2, what is 100000011010000110111100 - -10?
100000011010000110111110
In base 9, what is -48401152 - -3?
-48401148
In base 3, what is -210 - 20221111121001?
-20221111121211
In base 12, what is -b732 - 894?
-10406
In base 9, what is 7365578 - 6?
7365572
In base 15, what is 5 + -2a9a47?
-2a9a42
In base 9, what is 4 + -28851088?
-28851084
In base 8, what is -414 - 54073?
-54507
In base 12, what is 9918b6 + 80?
991976
In base 14, what is -7 + -9ac748?
-9ac751
In base 15, what is -522 - -1a93?
1571
In base 11, what is -16a7a - -50?
-16a2a
In base 10, what is 0 - 43935540?
-43935540
In base 5, what is -1001344141 - 1?
-1001344142
In base 8, what is 3327326 - 116?
3327210
In base 12, what is -20 - 1ba8b5?
-1ba915
In base 8, what is 12301234 + -12?
12301222
In base 8, what is 262 + 646660?
647142
In base 9, what is -3173451 + 2?
-3173448
In base 8, what is -146 + -7346?
-7514
In base 11, what is 7064555 + -10?
7064545
In base 12, what is 75 - 504a08?
-504953
In base 2, what is -11111 + -1010000011001110110110?
-1010000011001111010101
In base 16, what is -485 - -1905?
1480
In base 5, what is 20441 - 30310311?
-30234320
In base 15, what is 11 - -231934?
231945
In base 10, what is 5 + 1429956?
1429961
In base 6, what is -5 + 11311052435